e prime factors of 5610?
2, 3, 5, 11, 17
What are the prime factors of 9651?
3, 3217
What are the prime factors of 4220?
2, 5, 211
What are the prime factors of 3106?
2, 1553
What are the prime factors of 3606?
2, 3, 601
List the prime factors of 3210.
2, 3, 5, 107
List the prime factors of 4168.
2, 521
What are the prime factors of 9646?
2, 7, 13, 53
List the prime factors of 256.
2
What are the prime factors of 14692?
2, 3673
List the prime factors of 1975.
5, 79
What are the prime factors of 5260?
2, 5, 263
What are the prime factors of 831?
3, 277
What are the prime factors of 1030?
2, 5, 103
What are the prime factors of 1096?
2, 137
List the prime factors of 5380.
2, 5, 269
List the prime factors of 1299.
3, 433
What are the prime factors of 438?
2, 3, 73
List the prime factors of 383.
383
List the prime factors of 10680.
2, 3, 5, 89
List the prime factors of 5180.
2, 5, 7, 37
What are the prime factors of 2547?
3, 283
What are the prime factors of 9980?
2, 5, 499
What are the prime factors of 2474?
2, 1237
What are the prime factors of 34764?
2, 3, 2897
List the prime factors of 35476.
2, 7, 181
What are the prime factors of 3088?
2, 193
What are the prime factors of 586?
2, 293
List the prime factors of 51175.
5, 23, 89
List the prime factors of 2448.
2, 3, 17
List the prime factors of 2017.
2017
List the prime factors of 1047.
3, 349
What are the prime factors of 11370?
2, 3, 5, 379
List the prime factors of 16032.
2, 3, 167
What are the prime factors of 752?
2, 47
What are the prime factors of 20241?
3, 13, 173
List the prime factors of 38325.
3, 5, 7, 73
What are the prime factors of 43921?
167, 263
What are the prime factors of 140300?
2, 5, 23, 61
What are the prime factors of 10416?
2, 3, 7, 31
What are the prime factors of 460?
2, 5, 23
List the prime factors of 1437.
3, 479
List the prime factors of 19868.
2, 4967
What are the prime factors of 3099?
3, 1033
What are the prime factors of 19203?
3, 37, 173
What are the prime factors of 113?
113
What are the prime factors of 82625?
5, 661
List the prime factors of 970.
2, 5, 97
List the prime factors of 498.
2, 3, 83
List the prime factors of 4170.
2, 3, 5, 139
List the prime factors of 1446.
2, 3, 241
List the prime factors of 3721.
61
What are the prime factors of 1455?
3, 5, 97
What are the prime factors of 5306?
2, 7, 379
List the prime factors of 11803.
11, 29, 37
What are the prime factors of 52078?
2, 13, 2003
What are the prime factors of 1531?
1531
List the prime factors of 716.
2, 179
What are the prime factors of 8004?
2, 3, 23, 29
What are the prime factors of 151859?
181, 839
What are the prime factors of 1802?
2, 17, 53
List the prime factors of 124.
2, 31
List the prime factors of 6666.
2, 3, 11, 101
What are the prime factors of 1668?
2, 3, 139
List the prime factors of 917.
7, 131
List the prime factors of 73756.
2, 18439
List the prime factors of 187128.
2, 3, 23, 113
What are the prime factors of 1288?
2, 7, 23
List the prime factors of 2180.
2, 5, 109
What are the prime factors of 109877?
19, 5783
List the prime factors of 47875.
5, 383
What are the prime factors of 4364?
2, 1091
List the prime factors of 5796.
2, 3, 7, 23
What are the prime factors of 12229?
7, 1747
List the prime factors of 3629.
19, 191
What are the prime factors of 40157?
13, 3089
List the prime factors of 5453.
7, 19, 41
List the prime factors of 7231.
7, 1033
What are the prime factors of 2087?
2087
What are the prime factors of 9621?
3, 1069
List the prime factors of 1225.
5, 7
List the prime factors of 1640.
2, 5, 41
What are the prime factors of 20578?
2, 10289
List the prime factors of 3963.
3, 1321
List the prime factors of 1821.
3, 607
List the prime factors of 1160.
2, 5, 29
List the prime factors of 65792.
2, 257
What are the prime factors of 79098?
2, 3, 13183
What are the prime factors of 2986?
2, 1493
List the prime factors of 1180.
2, 5, 59
What are the prime factors of 1405?
5, 281
What are the prime factors of 8001?
3, 7, 127
What are the prime factors of 285?
3, 5, 19
List the prime factors of 1216.
2, 19
List the prime factors of 9879.
3, 37, 89
What are the prime factors of 63610?
2, 5, 6361
List the prime factors of 1601.
1601
List the prime factors of 1355.
5, 271
What are the prime factors of 8205?
3, 5, 547
What are the prime factors of 10349?
79, 131
What are the prime factors of 10209?
3, 41, 83
List the prime factors of 18995.
5, 29, 131
What are the prime factors of 29263?
13, 2251
List the prime factors of 55.
5, 11
List the prime factors of 2190.
2, 3, 5, 73
List the prime factors of 12238.
2, 29, 211
What are the prime factors of 2289?
3, 7, 109
List the prime factors of 41941.
41941
List the prime factors of 18853.
17, 1109
What are the prime factors of 1821?
3, 607
List the prime factors of 1828.
2, 457
What are the prime factors of 7437?
3, 37, 67
What are the prime factors of 8898?
2, 3, 1483
List the prime factors of 4597.
4597
List the prime factors of 1599.
3, 13, 41
List the prime factors of 178.
2, 89
What are the prime factors of 2359?
7, 337
What are the prime factors of 144774?
2, 3, 7, 383
What are the prime factors of 57385?
5, 23, 499
What are the prime factors of 25834?
2, 12917
What are the prime factors of 6891?
3, 2297
List the prime factors of 39.
3, 13
What are the prime factors of 667?
23, 29
What are the prime factors of 5332?
2, 31, 43
What are the prime factors of 2004?
2, 3, 167
What are the prime factors of 1310?
2, 5, 131
What are the prime factors of 3287?
19, 173
What are the prime factors of 8769?
3, 37, 79
List the prime factors of 1769.
29, 61
What are the prime factors of 56399?
7, 1151
List the prime factors of 1360.
2, 5, 17
What are the prime factors of 6385?
5, 1277
List the prime factors of 14539.
7, 31, 67
List the prime factors of 1643.
31, 53
List the prime factors of 1056.
2, 3, 11
What are the prime factors of 12694?
2, 11, 577
What are the prime factors of 202?
2, 101
List the prime factors of 1947.
3, 11, 59
What are the prime factors of 2557?
2557
List the prime factors of 2554.
2, 1277
What are the prime factors of 10526?
2, 19, 277
List the prime factors of 21129.
3, 7043
What are the prime factors of 3265?
5, 653
List the prime factors of 76614.
2, 3, 113
List the prime factors of 3681.
3, 409
What are the prime factors of 1968?
2, 3, 41
What are the prime factors of 95923?
95923
What are the prime factors of 11094?
2, 3, 43
What are the prime factors of 34575?
3, 5, 461
What are the prime factors of 124?
2, 31
What are the prime factors of 4911?
3, 1637
List the prime factors of 723.
3, 241
List the prime factors of 46810.
2, 5, 31, 151
List the prime factors of 23757.
3, 7919
What are the prime factors of 19336?
2, 2417
List the prime factors of 4916.
2, 1229
List the prime factors of 26111.
26111
What are the prime factors of 4601?
43, 107
List the prime factors of 958.
2, 479
List the prime factors of 6056.
2, 757
List the prime factors of 8229.
3, 13, 211
What are the prime factors of 6362?
2, 3181
What are the prime factors of 2609?
2609
What are the prime factors of 31360?
2, 5, 7
List the prime factors of 16791.
3, 29, 193
List the prime factors of 6673.
6673
What are the prime factors of 13839?
3, 7, 659
What are the prime factors of 25115?
5, 5023
What are the prime factors of 619?
619
List the prime factors of 3034.
2, 37, 41
List the prime factors of 573.
3, 191
List the prime factors of 91066.
2, 45533
List the prime factors of 2212.
2, 7, 79
What are the prime factors of 26342?
2, 13171
What are the prime factors of 869?
11, 79
What are the prime factors of 6774?
2, 3, 1129
List the prime factors of 8673.
3, 7, 59
List the prime factors of 4099.
4099
What are the prime factors of 35493?
3, 11831
What are the prime factors of 1867?
1867
List the prime factors of 1722.
2, 3, 7, 41
What are the prime factors of 810?
2, 3, 5
What are the prime factors of 6142?
2, 37, 83
List the prime factors of 132079.
269, 491
What are the prime factors of 35086?
2, 53, 331
List the prime factors of 8529.
3, 2843
What are the prime factors of 8434?
2, 4217
List the prime factors of 6845.
5, 37
What are the prime factors of 3530?
2, 5, 353
What are the prime factors of 69898?
2, 34949
List the prime factors of 10